*b, 0 = -4*b + 2*y + 183674. What are the prime factors of b?
17, 37, 73
Suppose 2*w - 5*c = 10, -4*c + 13 = -5*w + 38. Suppose -g + 7*l - 4*l = -55, 0 = 4*g + w*l - 305. List the prime factors of g.
2, 5, 7
Suppose 4*o - 37 = -5*h + 98, 2*h = -3*o + 110. Let u = o - 30. Let z(j) = 2*j**2 - 15*j - 2. What are the prime factors of z(u)?
2, 3
Let p = 159 + -142. Suppose p*c - 10*c - 2191 = 0. What are the prime factors of c?
313
What are the prime factors of -19 - 131945/((-40)/8)?
2, 3, 5, 293
Suppose 0 = 39*p + 4*p - 172. Suppose p*l = -4*o + 4104, 2*l - 3*o = -278 + 2330. List the prime factors of l.
2, 3, 19
Suppose s + 25 = -4*h + 5, 0 = 2*h - 2*s. Let a be -3 + (-24)/h + (-2 - -70). Let p = a + 61. What are the prime factors of p?
2, 3, 11
Suppose 0 = -0*r - 3*r - 33. Let u(j) = 10*j + 29. Let q be u(r). Let s = q + 114. List the prime factors of s.
3, 11
Let b = -8943 - -17150. What are the prime factors of b?
29, 283
Suppose 4*u = -2*x + 33528, 3*u = -6*x + 10*x + 25146. What are the prime factors of u?
2, 3, 11, 127
Let f(s) = -s**2 + 15*s + 20. Let c be f(16). Suppose c*j = 3*j - 4*j. Suppose -3*n + 681 = -3*g, j*n + 4*n = g + 923. List the prime factors of n.
2, 29
Suppose -r + 6*r + 10 = 0. Let n be (3/r)/(3/16). Let l = n - -50. List the prime factors of l.
2, 3, 7
Suppose 0*s - 2*s + 27 = 3*x, 0 = 5*s - 2*x - 77. Suppose 4*p + 3 = s. Suppose 199 = p*o - 98. List the prime factors of o.
3, 11
Suppose 2*i - 32 = 2*z, 2*z + 74 = 5*i - 0*z. Suppose i*u - 31*u = -21998. What are the prime factors of u?
2, 647
Let p(h) = 5*h + h**3 + 4*h**3 - h**2 + h**3 + 18 - 2*h**2. Let b(n) = -n**3 - n**2 - 2*n + 1. Let v(i) = 4*b(i) + p(i). List the prime factors of v(6).
2, 23
Let f(b) = -33*b**2 - 11*b - 32. Let r be f(-4). Let m = -253 - r. List the prime factors of m.
263
Let y be -3 + 7 + (0 - 1). Let r be ((-4)/(-12) + 1)*y. Suppose r*m = 6*m - 162. List the prime factors of m.
3
Let q be 627 + 56 - (1 + (-1 - -2)). Let s = 1152 - q. What are the prime factors of s?
3, 157
Let h(w) = -7505*w + 57. What are the prime factors of h(-1)?
2, 19, 199
Let o = -42639 + 63017. List the prime factors of o.
2, 23, 443
Let w = 5587 + -1223. What are the prime factors of w?
2, 1091
Let t(c) = 2231*c**3 + 3*c**2 + 7*c - 20. List the prime factors of t(2).
2, 79, 113
Suppose -7*r = -5*r - 10, -1770 = 5*f + 2*r. Let a = f + 671. What are the prime factors of a?
3, 5, 7
Let f = -25429 + 41077. What are the prime factors of f?
2, 3, 163
Suppose 6*o + 335455 = 5*w + 11*o, 7*o = 2*w - 134191. What are the prime factors of w?
2, 3, 5591
Let a = 26 - 33. Let j(m) = -m**3 - 8*m**2 + m + 13. Let c(y) = y**3 + 7*y**2 - y - 14. Let b(v) = a*c(v) - 6*j(v). List the prime factors of b(0).
2, 5
Let z be -109 - (-9*(-2)/6 - 0). Let t = z + 207. List the prime factors of t.
5, 19
Suppose 0 = -2*w - 5*l + 1995, -2*l = -5*w + 3950 + 1052. Suppose -4*g + w = -2*g. List the prime factors of g.
2, 5
Suppose 39*o - 36*o - 4*z = 13467, 4*o - 5*z - 17954 = 0. What are the prime factors of o?
4481
Let l = -2270 - -32189. What are the prime factors of l?
3, 9973
What are the prime factors of (0 - 1)*((-16)/14 - 602109/21)?
53, 541
List the prime factors of (-16683 - 103)*(-1 - 4/(-8)).
7, 11, 109
Suppose -22*j + 137 = -501. Let v(y) = 9*y**3 + y**2 - y. Let p be v(-2). Let b = j - p. List the prime factors of b.
5, 19
Let c = -131 - -134. Suppose 5*w = 4*a - 15, -2*a - 3*w + 28 = 3*a. List the prime factors of (-7 + c)/(a/(-85)).
2, 17
Suppose -3*t + 58 = 172. Let j = 385 + t. What are the prime factors of j?
347
Suppose 19*k = -3*j + 17*k - 649, -2*j - 431 = 3*k. Let x = j - -462. What are the prime factors of x?
5, 7
Let a be (-1)/(2/36)*(-1 + 2). Let k(s) = 2*s + 61. Let t be k(a). What are the prime factors of (-10)/t + 3081/15?
5, 41
Let v(s) = -s**2 - 2*s + 2. Let f be v(-2). Let k(q) = 2*q**2 + 8*q + 3*q**f + 12 - 11*q. List the prime factors of k(3).
2, 3
Suppose -3 = -5*y + 7. Let n be -4*y/20*45. List the prime factors of 17/((-74)/n - 4).
3, 17
Let p = 84 - 1. Let g = p - 77. Suppose -431 = -5*h - g. What are the prime factors of h?
5, 17
Suppose v = -v + 6*v. Suppose -12*m - m + 2951 = v. List the prime factors of m.
227
Let c be 6/18 - (832/(-6) + -4). Let o = 719 + -472. Let s = o - c. List the prime factors of s.
2, 13
Let c = 5943 - -5746. What are the prime factors of c?
11689
Suppose -12*j + 207664 = -115961 + 101013. What are the prime factors of j?
13, 1427
Suppose -4*k + 33 + 27 = 0. Let q = k - 11. Suppose 249 = q*w - 75. What are the prime factors of w?
3
Suppose -15*k - 1527 = -k - 5279. What are the prime factors of k?
2, 67
Let k be (-10)/(-3)*3*(-63)/14. Let f be (-5)/k - 988/(-18). Suppose -5*y + f = -570. What are the prime factors of y?
5
Suppose -4*b - 5 - 11 = -3*c, -5*c + 25 = -5*b. Suppose -m - a = -12, -m + c*a + 12 = m. Suppose -m = -g + 104. What are the prime factors of g?
2, 3, 19
Suppose 25 + 0 = -5*f. Let j = 45 + f. What are the prime factors of (-350)/j*24/(-2 - 0)?
3, 5, 7
Let d be ((-3)/(-6) + 1)*(-36)/(-3). Suppose -18*n + d = -9*n. Suppose n*c - 33 - 107 = 0. What are the prime factors of c?
2, 5, 7
Let o(f) = f**3 + f**2 + 3*f - 10. Let v be o(6). Suppose 6*j = 4298 - v. What are the prime factors of j?
673
Let t(x) = -18*x - 7. Let l(p) = -3*p + 15. Let v be l(7). Let g be t(v). What are the prime factors of g*3*(-5)/(-15)?
101
Let q(i) = 427*i**2 + 26*i + 316. List the prime factors of q(-7).
3, 7019
Let n(t) = t - 30. Let f be n(26). Let k(c) = 5*c**2 + 11*c + 9. List the prime factors of k(f).
3, 5
Suppose -139 + 133 = -g. List the prime factors of (1 - 3)*1 - (-284 + g).
2, 3, 23
Suppose 0 = 3*x - 7 - 5. What are the prime factors of (x/(-10) - (-216)/40) + 205?
2, 3, 5, 7
Suppose -38*m - 28218 = -403620. List the prime factors of m.
3, 37, 89
List the prime factors of 39*(-2 - 0)*(8531/(-19) - 10).
2, 3, 13, 17
Suppose 153*y = 162*y - 54. Suppose 5299 + 5081 = y*q. List the prime factors of q.
2, 5, 173
Suppose -57141 + 241689 = 13*n. List the prime factors of n.
2, 3, 7, 13
Suppose -12*z - 44174 = -14*z - 4*w, 0 = -4*z + w + 88411. List the prime factors of z.
3, 53, 139
Let f = 9027 + 2350. What are the prime factors of f?
31, 367
Let f be 2414/(-6) - 1 - (-113)/339. Let m = -171 - f. List the prime factors of m.
2, 29
Suppose -98*j + 2026104 = -4457380. List the prime factors of j.
2, 19, 1741
Suppose 95*h - 409767 - 1156596 = 486777. What are the prime factors of h?
2, 3, 1801
Let v(w) = -14*w + 72. Let r = -147 + 136. List the prime factors of v(r).
2, 113
Let u(a) = 55*a**3 + 3*a**2 - 79*a + 319. List the prime factors of u(4).
3571
Let g(v) = v**3 - 24*v**2 + 22*v + 26. Let z be g(23). Suppose 5*m - 6*t - 4340 = -t, -z*m - 2*t = -2619. What are the prime factors of m?
13, 67
Let m = 338 + -301. Suppose 1145 = -32*y + m*y. What are the prime factors of y?
229
Suppose 3*q - 31917 = -12867. List the prime factors of q.
2, 5, 127
Suppose 5*s = -5*v + 60, 4*s = 2*v - 0*s. Suppose -v*a + 5*a = 606. List the prime factors of (a/(-4))/(6/12).
101
Let s(u) = -13*u. Let h(p) = -13*p + 11. Let l(b) = 7*b - 5. Let t(i) = -6*h(i) - 13*l(i). Let g(k) = -4*s(k) + 3*t(k). What are the prime factors of g(4)?
7
Suppose 4*q - 3*p - 3658 - 10185 = 0, -p + 3459 = q. List the prime factors of q.
2, 5, 173
What are the prime factors of 1452090/(-75)*(-140)/56?
97, 499
What are the prime factors of 76920 - (-1 - 0 - (-8 + 20))?
107, 719
Suppose 4*u - 7*u = -0*u. Suppose u = 4*y - 4*q - 1916, 0*q + 8 = 2*q. List the prime factors of y.
3, 7, 23
Suppose -90*x + 795385 + 520145 = 0. List the prime factors of x.
47, 311
Let g be (-1)/(9/3)*-9 + -53. Let q = g - -42. Let n(k) = k**2 + 4. What are the prime factors of n(q)?
2, 17
Let d = -1891 + 3460. Let n be 4/14 - d/(-21). Suppose -n = -5*l + 2*l - 5*v, -4*v = -3*l + 48. What are the prime factors of l?
2, 5
Let u(l) = -24*l - 48. Let f be u(-8). Suppose -6*j + f = -516. List the prime factors of j.
2, 5, 11
Suppose 6*o - 7*o = 2*q - 295, -2*o + 296 = 2*q. Let a = 308 - q. What are the prime factors of a?
7, 23
Let r(t) = 5*t + 214. Let w be r(-8). Suppose -1352 = -u - 4*n, 2*u - 2*n = w + 2510. What are the prime factors of u?
2, 3, 7
Let b = -1298 + 1300. Let t(j) = -20*j**3 - 4*j**2 - 12*j + 